 Let b(p) = -17*a(p) + 6*x(p). Calculate b(-3).
-1
Let a(k) = -17*k**3 + k**2. Let w = 85 - 86. Give a(w).
18
Let j(p) = -10*p**3 + p. Let r be 13/4 - 5/20. Let z(l) = l - 1. Let g be z(6). Suppose -r = -2*v + g*v. What is j(v)?
9
Let k(o) be the second derivative of -o**6/360 + o**5/24 + 5*o**4/12 + o. Let b(n) be the third derivative of k(n). What is b(4)?
-3
Let x(z) be the first derivative of -z**2/2 + 6*z + 1. Suppose -4*l + 2*l = -d - 5, 2 = -2*d. Suppose 0 = -h - 0*h - 4*q + 25, -h + l*q = 5. Give x(h).
1
Let u(s) = -s + 2. Let v = 0 - 0. Let o be u(v). Let l(h) = 2*h**2 - h - 2. What is l(o)?
4
Let r(d) be the first derivative of -3/2*d**2 + 3 + 3*d. Calculate r(3).
-6
Let m(n) = -2*n**3 + 2*n**2 + 2*n + 1. Let p be (2 + -5)*(-1 + 3). Let a be 6/(-3)*(-3)/p. Determine m(a).
3
Let l(v) = -v**2 + v. Let q(g) = 7*g**2 - 3*g - 1. Let t(c) = 3*l(c) + q(c). Let s = 10 - 9. Let z be (s/(-3))/(2/6). What is t(z)?
3
Let j(g) = -g + 7. Let s = -75 + 75. Give j(s).
7
Let g(u) be the third derivative of u**6/120 - u**5/15 - 5*u**4/24 + 7*u**3/6 + 7*u**2. Suppose 2*f + 6 + 2 = 0, -3*f = -2*v + 22. Give g(v).
7
Let n(o) = o**2 + 5*o - 7. Suppose 4*y + 23 = 3*z, -y = 4*y - z + 15. Suppose -3*j = 2*j - 440. Let r be j/(-14) + y/(-7). Give n(r).
-1
Let l(n) = 8*n**2 + 3 - 3*n - 10*n**2 + n**3 + 0*n + n. What is l(2)?
-1
Let y(c) = 4*c - 3*c**2 + 1 + 2 + 2*c**2 + 0. Determine y(-2).
-9
Let u(w) = 2 - 30*w + w**2 + 35*w - 5. Let n = -7 + 3. Let q(r) = -r**3 - 4*r**2 - 4. Let j be q(n). Calculate u(j).
-7
Let v be (-304)/72 + (-4)/(-18). Let k(o) = o**2 + 2*o - 3. What is k(v)?
5
Let l(s) = s**2 + 6*s + 6. Let q be ((-8)/5 - -2)*(-27 + 17). What is l(q)?
-2
Let m(i) = i - 4. Let h = 0 - -2. Suppose 0 = -4*c + 2*a + 22, 4*a = -h*c - 6 + 2. Suppose k - c + 0 = 0. Calculate m(k).
0
Let l(i) = i**3 + 3*i**2 - 2*i - 5. Let f = 14 - 9. Suppose f = 5*u - 5*b, -2*u = -6*b + b - 17. Give l(u).
-13
Let l = 55 + -59. Let z(o) = o + 5. What is z(l)?
1
Let g(w) = -w + 1. Let f(t) = t**3 + 22*t**2 + 6. Let a be f(-22). Give g(a).
-5
Let t be (-22 - -20) + (-1 - -5). Let x(k) = 5*k - 2. Give x(t).
8
Let r = -4 + 9. Let i(y) = 3*y - 4*y - 3*y**2 + r + y**3 - 4*y. What is i(4)?
1
Let v(y) be the third derivative of -y**5/30 + y**3/6 + y**2. Let g = 8 + -6. Give v(g).
-7
Let d(c) = -4*c. Let a = -41 + 39. Calculate d(a).
8
Let o(b) = -b**2 + 7*b - 3. Let l = -31 + 36. Calculate o(l).
7
Let p(w) = w**2 + w. Let y be p(-3). Let b(l) be the third derivative of 0 + 1/10*l**5 + 0*l**4 + 0*l**3 - 1/120*l**6 - l**2 + 0*l. Determine b(y).
0
Let c(k) = k**2 + k + 2. Let s = -17 + 15. Determine c(s).
4
Let z(j) = 4*j**2 - 7*j + 2. Let q(v) = -12*v**2 + 20*v - 6. Let c(b) = 4*q(b) + 11*z(b). Suppose 3*s + 4*p + 3 = 13, 5*s = p + 9. Calculate c(s).
-12
Let y(h) = -4*h**2 + 3*h**2 - 7*h - 1 - 6. Let k be 3/9*(2 - 17). Give y(k).
3
Let g(j) = j + 3. Let w(i) = -4. Let b(d) = -3*g(d) - 2*w(d). Give b(-5).
14
Let u be ((-3)/2)/((-4)/(-8)). Let h = u - -2. Let f be (-3 + (1 - h))*5. Let v(m) = m**2 + 5*m + 4. What is v(f)?
4
Let y(q) be the third derivative of q**5/60 + q**4/24 - q**3/2 - 7*q**2. Calculate y(-4).
9
Let u(x) be the first derivative of x + 1/4*x**4 - 3*x**2 + 2*x**3 + 1. Determine u(-7).
-6
Suppose h + 4 = 6. Let b(i) = -i**2 + h + 3 + 14*i - 18*i. What is b(-5)?
0
Suppose 2*z + 6 = -2*z - 3*y, 5*z + 5*y = -5. Let l(v) = v**3 + 3*v**2 + v - 3. Determine l(z).
-6
Let l = 95 + -101. Let r(f) = -9*f + 11. Let t(y) = -5*y + 5. Let x(g) = 6*r(g) - 11*t(g). What is x(l)?
5
Suppose -9*z = -4*z. Let g(k) be the second derivative of -k**4/12 + k**3/6 - k**2 + 2*k. What is g(z)?
-2
Let j be 33/2*(-6)/9. Let k = j + 7. Let q(s) = -s**2 - 5*s - 5. Give q(k).
-1
Let p(w) = -6*w. Let s(u) = -u. Let f(n) = -5*p(n) + 24*s(n). Determine f(-1).
-6
Let y(a) = 3*a**2 - 3*a - 2. Let c(l) = -7*l**2 + 7*l + 3. Let i(w) = -2*c(w) - 5*y(w). Calculate i(3).
-2
Let p(y) = -y - 1. Suppose -2*i + 0 + 10 = 0. Calculate p(i).
-6
Let x(r) be the third derivative of r**8/20160 - r**7/1260 + r**6/144 - r**5/12 - 7*r**2. Let z(o) be the third derivative of x(o). Determine z(5).
10
Let v(k) = 3*k + 15. Let n(m) = -m - 7. Let x(w) = -5*n(w) - 2*v(w). Determine x(-4).
9
Let q(h) be the first derivative of -h**3 + h**2 - h + 13. Calculate q(1).
-2
Let m(h) = h + 14. Suppose 2*o = 4 + 4, 5*o - 11 = -z. Determine m(z).
5
Suppose -5*c = d - 44, 3*c - 7*c - d + 35 = 0. Let b = c - 14. Let g(i) = -2 + i + 1 + 3. What is g(b)?
-3
Let j(k) be the third derivative of -k**5/60 + k**4/24 - 2*k**3/3 - 8*k**2. Give j(0).
-4
Let r(f) be the second derivative of f**5/20 + 3*f**4/4 - 5*f**3/3 - 5*f**2/2 + 23*f. Calculate r(-10).
-5
Let p(b) = 2*b**2 - 2*b + 4. Let f(c) = -c**2 + 2*c - 4. Let o(j) = 3*f(j) + 2*p(j). Let m be 0/((-4)/(-3 - -5)). Suppose -t + m - 4 = 0. Calculate o(t).
4
Let m = -98 - -102. Let u(z) = -z**3 + 5*z**2 - 3*z - 3. What is u(m)?
1
Let w be (-5)/(-2)*(-8)/(-10) - 4. Let o(h) = -3*h + 2. Calculate o(w).
8
Let g(n) be the first derivative of -n**4/4 + n**3 + n**2/2 + 5*n + 2. Suppose 2*v + 5*r = -7, -r + 5 = 8. Give g(v).
-7
Let c(x) = -x**2 - 2*x - 1. Suppose -3*n - 12 = 0, 0*n - 4*n = 5*t + 26. Give c(t).
-1
Let w(b) be the second derivative of 0*b**2 + 0 + 1/6*b**3 + 3*b + 5/12*b**4. Suppose 0 = -3*v - v + 4. Determine w(v).
6
Let h(w) = -2*w**2 - 26*w - 1. Let n be h(-13). Let x(u) = -17*u**3 + u. Determine x(n).
16
Let w(x) = -5*x**3 + 6*x + 5. Let g(b) be the third derivative of b**6/120 - b**4/24 - b**3/6 + 4*b**2. Let d(l) = 6*g(l) + w(l). Determine d(1).
0
Let d(t) be the third derivative of -t**5/60 - t**4/8 + t**3/2 + t**2. Let k = 21 - 21. Let u be ((1 - k)*-3)/1. What is d(u)?
3
Let o(t) = t**3 + t**2 - 2*t - 3. Let s(r) = 3*r**3 + r**2 - 4*r - 7. Let q be 3/15 - (-11)/(-5). Let v(f) = q*s(f) + 5*o(f). Give v(3).
-7
Let w(m) = 43 - m**3 + 2*m**2 - 2*m - 44 + m**2 + 0*m**3. Determine w(2).
-1
Let j(x) be the first derivative of -2*x**3/3 + 3*x**2 - x - 5. Determine j(4).
-9
Let a(x) = 3*x - 21. Let t(u) = 2*u - 11. Let s(w) = -3*a(w) + 5*t(w). What is s(-4)?
4
Let g(k) = -5*k - 7 + k - 3*k + 5*k. Let z(l) be the third derivative of -l**3/6 + 2*l**2. Let a(t) = g(t) - 5*z(t). Give a(2).
-6
Let a(h) = -h**3 - h**2. Let b = 11 - 6. Let u(w) = -w**2 + 6*w - 6. Let i be u(b). Let p be -1 - -1 - (-2)/i. Calculate a(p).
4
Let p(i) be the second derivative of -i**5/20 + i**4/3 + i**3/2 + i**2/2 - 14*i. Calculate p(5).
-9
Let y(o) = 5*o - 18 + 11 - 3*o. Let r(g) = -4*g + 14. Let p(m) = -3*r(m) - 7*y(m). Determine p(5).
-3
Let v(p) = p**2 - 5*p - 4. Suppose 4*c - 2*g - 18 = -0*g, 3*g - 3 = c. Give v(c).
2
Let j be 3 - (1 - 0)/1. Let v(g) = -g**2 - g**3 + g + 2*g**j + 3 - 10 + 2*g**3. What is v(0)?
-7
Let k(w) = -w**3 + 6*w**2 - 3. Let t be k(6). Let d(c) = -3*c**2 + 4*c - 4. Let v(j) = -4*j**2 + 3*j - 3. Let n(s) = t*d(s) + 4*v(s). Determine n(-1).
-7
Let g(k) = -k**2 + 4*k. Let x be g(3). Suppose -1 - 3 = q. Let o(c) = 3*c**2 + c + 6. Let l(y) = 2*y**2 + y + 5. Let t(b) = q*l(b) + x*o(b). Calculate t(2).
0
Let x(w) be the second derivative of -2*w**3/3 + 5*w**2/2 - 10*w. Give x(4).
-11
Let v(n) = -n**3 + 3*n**2 - 3*n + 1. Let z be 1*(-2)/4*-4. Let d be v(z). Let w(a) be the third derivative of -a**6/40 - a**4/24 + 10*a**2. What is w(d)?
4
Let n(r) = 5*r**3 + 6*r**2 + 6*r - 6. Let v(h) = -4*h**3 - 5*h**2 - 5*h + 5. Let p(z) = 5*n(z) + 6*v(z). Determine p(1).
1
Let q be 3 - 0 - (5 - 2). Let a be q + ((-18)/3)/2. Let b(k) = -k**3 - 4*k**2 - 2*k + 4. What is b(a)?
1
Let n(o) = -o**2 - o + 2. Let v = 1 + -1. Let k be (4*-2)/(v - -1). Let l be ((-9)/(-12))/(2/k). Give n(l).
-4
Let k(t) = t**3 + t. Let j(p) be the second derivative of -3*p**5/10 + p**4/6 - 5*p**3/6 - p**2/2 + 3*p. Let u(a) = -j(a) - 5*k(a). Determine u(1).
0
Suppose t - 6*t + 5*l = 20, 0 = -5*l + 25. Let c(y) = -5*y**2 - y. What is c(t)?
-6
Let o(w) = 12*w**2 - w + 3. Let k(b) = 12*b**2 - b + 2. Let i(c) = 3*k(c) - 2*o(c). Let d(l) = -l**2 - 3*l + 17. Let f be d(3). Give i(f).
13
Suppose -5*t = -2*t + 3, -2*t = -4*p - 2. Let v = p + -3. Let d(f) = 3*f + 6. Determine d(v).
-6
Let v(w) = 7*w. Let b = 1 + -3. Let d be (3 - 4)/(b - -1). Give v(d).
7
Let v(w) = -w**2 - 3*w + 2. Let l be v(-3). Let i(g) = g**3 + 0*g + g + 5*g**l + 0 + 1. Let n